-4*m + h + y = -h. Let n(q) = q - m + 4 - 2*q - 2. What is n(3)?
-4
Let l(j) = j - 7. Let p be l(3). Let m(d) = -4*d**2 - 7*d + 1. Let w(h) = h**2 + 2*h. Let n(z) = 2*m(z) + 9*w(z). Determine n(p).
2
Let i(x) = -3*x + 1. Let t(f) = f. Let a(v) = 2*i(v) + 5*t(v). Suppose 2*q - g + 9 = 0, 0*g + g - 24 = 5*q. Give a(q).
7
Let u(t) = -t**2 + 3*t + 4. Let x be u(3). Let w be ((-45)/(-12))/(-5)*x. Let g(d) = d**3 + 4*d**2 + 3*d - 1. Give g(w).
-1
Let w(u) be the third derivative of -u**6/120 + u**5/10 + u**4/4 + u**3/6 + 9*u**2. Give w(7).
-6
Let n(j) be the first derivative of -3 - 2*j + 4/3*j**3 + j**2. What is n(-2)?
10
Let x(i) = -i**2 + 1 - 3*i**3 + 4*i**3 - 3*i**2 + i. Calculate x(3).
-5
Let q(o) = -1 - o**2 + 0 + 3*o + 2*o**2. Let h(v) = -v + 5. Let a = 13 + -5. Let x be h(a). Give q(x).
-1
Let s(f) = -f**3 - 3*f**2. Let n be (-36)/14 - (-12)/(-28). Calculate s(n).
0
Suppose 4*o = o, o + 8 = 2*a. Suppose a*t + 24 = 12. Let k(u) = -u + 4. Determine k(t).
7
Let a(p) = 2*p - 2. Suppose 8 = -3*f + 2. Calculate a(f).
-6
Suppose -y - y + 4 = 0. Let b(f) = 1 - 2*f**y - f + 2*f**2 + 2*f + f**2. What is b(0)?
1
Suppose 3*o - p - 10 = p, o + 4 = -3*p. Let u(f) = f**2 + f + 4*f + f + o. Calculate u(-5).
-3
Let b be (18/45)/(2/5). Let z(s) be the first derivative of -s + 2. Let f(d) = 4*d - 1. Let j(n) = f(n) - 2*z(n). What is j(b)?
5
Let b(f) be the first derivative of -f**3 + f + 4. Determine b(-1).
-2
Let r(x) = x**2 - 5*x - 5. Let o(i) = -i**3 + 4*i**2 + 3*i + 15. Let z be o(5). What is r(z)?
-5
Let b(h) be the third derivative of h**4/8 + 2*h**3/3 + h**2 + 5. What is b(-4)?
-8
Let t = 1 + -1. Let h(n) be the first derivative of -n**7/840 + n**6/360 - n**5/120 + n**3 - 2. Let q(v) be the third derivative of h(v). Give q(t).
0
Let c(f) = 3*f**2 + f + 1. Suppose 0 = -6*l + 9*l + 3. What is c(l)?
3
Let j(x) be the first derivative of -x**2 - 2*x + 15. Suppose 3 = -3*d - 3. Calculate j(d).
2
Let a(m) = 4*m - 3*m + 3918 - 3914 - 3*m**2. Calculate a(3).
-20
Suppose 0 = -0*i + i - 7. Let n(z) = 851*z**2 + 9 - 1699*z**2 + 849*z**2 - 8*z. What is n(i)?
2
Let k(x) = x**3 + 2*x**2 - 5*x - 3. Suppose 7*o = 2*o + 20. Suppose o*s - s + 9 = 0. Give k(s).
3
Let l(b) = b - 2. Let i(o) = -1. Let m(k) = -5*i(k) + l(k). Let x = 63 - 60. What is m(x)?
6
Let s(k) be the second derivative of k**4/6 + k**3 + 2*k**2 - 19*k. Calculate s(-4).
12
Let m(d) be the first derivative of d**4/4 + 5*d**3/3 - d - 1. Let o(g) = 3*g**3 + 14*g**2 - 3. Let s(w) = 11*m(w) - 4*o(w). Calculate s(1).
-1
Let y(r) = 6*r**2 - 2*r - 2. Let j = -3 - -6. Let a(z) = -7*z**2 + 2*z + 3. Let l(m) = j*a(m) + 4*y(m). Suppose -2 = -2*d + 2. Give l(d).
9
Let o(z) = -7 - 4*z - 18 + 23 + z**2. Let h be 10 + 0*(-1 + 2). Let v be (-44)/(-10) + (-4)/h. Determine o(v).
-2
Let u(y) = -27*y - y**3 - 3*y**2 - 2 + 35*y - 3*y**2. Calculate u(-7).
-9
Let o = 1 + 1. Let v(c) be the third derivative of -5*c**4/24 + c**3/3 + 22*c**2. What is v(o)?
-8
Suppose 34 = 2*f - 22. Let j be 2/(-7) + 8/f. Let v(x) = 0*x + j*x - x - x. Determine v(5).
-10
Let b(z) be the first derivative of z**2/2 + 7*z - 4. What is b(0)?
7
Let v = -6 + 9. Let m(g) = 1 - 2*g**v + g**3 - g**2 - 1. Give m(-2).
4
Suppose -3*y - 4*j = -y - 2, 5*j + 17 = 4*y. Suppose -2*l = -3*l + 3. Let z(x) = -l*x - 4*x**2 + 2*x + 5*x**2 - 1. What is z(y)?
5
Let f(k) = -k**3 - 4*k**2 + 7*k + 6. Let x = 23 + -28. What is f(x)?
-4
Suppose 1 = 2*i - 13. Let v(n) be the first derivative of n**4/4 - 7*n**3/3 + n**2/2 - 10*n + 5. Calculate v(i).
-3
Let t(x) be the first derivative of -2*x + 2 + 2/3*x**3 + 0*x**2 - 1/12*x**4. Let z(m) be the first derivative of t(m). Give z(2).
4
Let d(y) = -y**3 - 2*y**2 + y. Let v be 480/(-225) - 4/(-30). What is d(v)?
-2
Let c(l) = -l. Let f = 16 + -11. Let r(v) = -2*v - 3. Let b(g) = -g - 4. Let w(t) = -4*b(t) + 3*r(t). Let o be w(f). Calculate c(o).
3
Let h be ((-1)/4*0)/(-2). Let f(s) = -s**3 - s**2 - s - 1. Calculate f(h).
-1
Let q(v) = 4*v - 7. Let r = -8 - -17. Let k = 14 - r. Determine q(k).
13
Let f(n) = n - 5. Let r(u) = 1. Let j(q) = -f(q) - 6*r(q). Let c be j(4). Let z(y) = -y**3 - 4*y**2 + 4*y - 3. Give z(c).
2
Let k(a) = a**3 + a**2 + 1. Let j(v) = 5*v**3 + 3*v**2 + v + 5. Let s(z) = -j(z) + 4*k(z). Suppose 3*r + 3 + 0 = -5*i, -i = -3*r - 3. Determine s(r).
2
Let q(x) = 4*x**3 - x + 2. Let z be q(1). Let v(m) be the first derivative of 3*m**2/2 - 6*m - 1. What is v(z)?
9
Let i(h) = 2*h**3 + h**2. Let m = -9 - -12. Suppose 5*a = 4*b + 21, -m*a + 3*b + 23 = 8. Give i(a).
3
Let f(g) = 0*g + 3*g + g**2 + g + 3. Let v(p) = -p**3 + 2*p**2 + 2*p - 2. Let u be v(2). Suppose -m - 7 = 2*y + u, -4*y - 25 = -5*m. Give f(y).
8
Suppose -3*h - 4*w + 28 = h, 5*h + 5 = 5*w. Let k be (-1)/(-2*3/120). Suppose -2*m - h*m = -k. Let n(j) = j**2 - 4*j - 2. Calculate n(m).
-2
Let g(s) be the first derivative of -s**3/3 + 2*s**2 + 5*s + 1. Let b = 1 + 1. Let q be (-4 - -8)*(b + -1). Calculate g(q).
5
Let b(c) = -c**2 - 2*c - 1. Let n be b(-2). Let r(p) = -p + 0 + 1 + 4*p - 8*p. Determine r(n).
6
Let v(w) = -3*w. Let l(n) = -3*n. Let o(d) be the third derivative of -d**4/24 + 2*d**3/3 + 2*d**2. Let h be o(9). Let x(r) = h*l(r) + 6*v(r). Determine x(3).
-9
Let z(s) be the first derivative of s**4/4 + s**3 + 3*s**2/2 + 3*s - 1. Let y = -2 + 2. Let q = y + -2. Calculate z(q).
1
Let q(g) = g**3 - 2*g**2 - g - 1. Let l(w) = 16*w**2. Let j be l(1). Suppose 2*y - 3*y = -h + 14, -j = -4*h - 4*y. Let m = -6 + h. Calculate q(m).
5
Suppose 0 = g + 4*g. Let d be g - (-2*1 - -3). Let v be 0*(d - (-2)/4). Let s(u) = u**2 + u - 1. Calculate s(v).
-1
Let a(v) = 6*v - v**2 + 11*v - 8*v - 8. Give a(6).
10
Let m = 49/220 - -3/110. Let q(g) be the first derivative of -7/3*g**3 - 6*g + 4*g**2 + m*g**4 - 1. Give q(6).
6
Let n(w) = w**3 + 4*w**2 + 4*w - 1. Let v = 25 + -28. Calculate n(v).
-4
Let z(v) = v**2 + 3*v - 7. Let g(d) = -d**2 - 1. Let c = 1 - -1. Let q be g(c). Give z(q).
3
Suppose -5*y = -6*y + 7. Let a(o) = -o**2 + 5*o + 5. Give a(y).
-9
Let b(a) = -2*a - a + 6*a. What is b(-2)?
-6
Let d(o) = o**3 + 3*o**2 - o + 10. Let n(a) = a**3 + 2*a**2 - 2*a + 9. Let i(z) = 4*d(z) - 5*n(z). What is i(4)?
-13
Let x(q) = q**2 - 3. Suppose 2*m = -k + 3 + 2, 3*m - 8 = -k. Calculate x(m).
6
Let t(o) = -o**2 + 15 - o + 1 - 7. Let d be t(-4). Let m(y) = -y**3 - 2*y**2 + 4*y. What is m(d)?
-3
Let r = 9 + -9. Let g(c) = 3*c**2 - 2 + r*c**2 - 4*c**2 + 1 - 4*c. Calculate g(-4).
-1
Let q(u) be the first derivative of u**2 + u + 2. Let z be 1/(-3)*(2 - 11/1). Calculate q(z).
7
Let m(a) = -a**3 + 4*a**2 + 7*a - 6. Let c = -33 - -38. Determine m(c).
4
Let f(k) = k**3 - 4*k**2 + 4*k - 2. Let r(i) = -3*i - i**3 - 2*i**2 - 3*i**2 + 8 + 10*i. Let t be r(-6). Calculate f(t).
-2
Let v be (8/6)/((-16)/72). Let q be (-4)/12 + 16/v. Let c(g) = -3 - 3*g + 2 - 2 - 1. Give c(q).
5
Let z(n) be the first derivative of n**4/4 - n**3/3 - n**2 - 3. Determine z(3).
12
Let w(p) be the third derivative of p**7/2520 + p**6/360 + p**5/10 + 3*p**2. Let h(z) be the third derivative of w(z). Give h(-5).
-8
Let t be (-4)/(-22) + 114/(-22). Let y(r) = 11*r - 7. Let p(i) = -5*i + 3. Let n be ((-6)/12)/(2/(-36)). Let s(v) = n*p(v) + 4*y(v). Calculate s(t).
4
Suppose 0 = -2*c + 5 + 9. Let g(i) = -6*i + 3*i + 10 + 2*i. Let j be g(c). Let x(s) = s**2 - 3*s - 1. What is x(j)?
-1
Let s(p) = -6*p - 34. Let b(u) = -u - 7. Let g(k) = -11*b(k) + 2*s(k). Suppose l = -a + 3, 1 = -2*l - 3*a + 5. Calculate g(l).
4
Let t(r) = -r**2 + 7*r - 4. Let a be ((-33)/(-2))/(21/6 - 3). Let p be 126/8 - 2/(-8). Suppose -5*f + 4*c = -a, 1 = 5*f + 4*c - p. Determine t(f).
6
Let o(t) = -9*t**2 - 5*t + 2. Let a(k) = 5*k**2 + 3*k - 1. Let x(f) = 7*a(f) + 4*o(f). Suppose -8 = -6*s + 4*s. Suppose s*u = u. What is x(u)?
1
Suppose 0 = -2*w + 13 - 3. Suppose 0 = 5*p - 0*p + w. Let g(d) = -d**3 + d**2 - 1. Let h(y) = y**3 - 2*y**2 - y + 1. Let l(j) = 2*g(j) + h(j). What is l(p)?
1
Let p(g) = -g**3 - 7*g**2 - 6*g + 6. Let f be (-8 + 0 + -2)*(-1)/(-2). What is p(f)?
-14
Suppose -h = r, -2*r - h = r - 8. Let c(b) = 7 - r + 0*b - b. Give c(6).
-3
Let m(l) = -l + 1. Let z(f) = -f**3 - 5*f**2 - 5*f - 2. Let y be z(-4). Let i(v) = 6 - 2 - 5*v + y + 1. Let s(b) = i(b) - 4*m(b). What is s(-5)?
8
Let p = 12 - 14. Let k(v) = -2*v. Give k(p).
4
Let k be (-2)/1